{"id":934,"date":"2025-10-02T11:02:51","date_gmt":"2025-10-02T11:02:51","guid":{"rendered":"https:\/\/pensiondeloubieng.fr\/?page_id=934"},"modified":"2025-10-02T12:00:09","modified_gmt":"2025-10-02T12:00:09","slug":"presentation","status":"publish","type":"page","link":"https:\/\/pensiondeloubieng.fr\/?page_id=934","title":{"rendered":"Pr\u00e9sentation"},"content":{"rendered":"\n<h1 class=\"wp-block-heading alignwide\" style=\"font-size:40px\">LA PENSION DE LOUBIENG<\/h1>\n\n\n\n<div class=\"wp-block-media-text alignwide is-stacked-on-mobile\" style=\"grid-template-columns:29% auto\"><figure class=\"wp-block-media-text__media\"><img fetchpriority=\"high\" decoding=\"async\" width=\"1024\" height=\"768\" src=\"https:\/\/pensiondeloubieng.fr\/wp-content\/uploads\/2023\/02\/ALIM0151-1024x768.jpg\" alt=\"\" class=\"wp-image-422 size-full\" srcset=\"https:\/\/pensiondeloubieng.fr\/wp-content\/uploads\/2023\/02\/ALIM0151-1024x768.jpg 1024w, https:\/\/pensiondeloubieng.fr\/wp-content\/uploads\/2023\/02\/ALIM0151-300x225.jpg 300w, https:\/\/pensiondeloubieng.fr\/wp-content\/uploads\/2023\/02\/ALIM0151-768x576.jpg 768w, https:\/\/pensiondeloubieng.fr\/wp-content\/uploads\/2023\/02\/ALIM0151-1536x1152.jpg 1536w, https:\/\/pensiondeloubieng.fr\/wp-content\/uploads\/2023\/02\/ALIM0151-2048x1536.jpg 2048w\" sizes=\"(max-width: 1024px) 100vw, 1024px\" \/><\/figure><div class=\"wp-block-media-text__content\">\n<p class=\"has-text-align-left\">La pension de Loubieng \u00e9tait d&rsquo;abord une pension familiale qui a ouvert en mai <mark style=\"background-color:#c7ffcb\" class=\"has-inline-color\">2011<\/mark>. Nous pouvions accueillir, \u00e0 ce moment l\u00e0, 3 chevaux au maximum sur le terrain de 2 hectares o\u00f9 nous habitions. Quel bonheur pour nous de voir se d\u00e9tendre votre cheval devant nos fen\u00eatres ! <\/p>\n\n\n\n<p>Mais la demande \u00e9tant tr\u00e8s forte, nous avons d\u00e9cid\u00e9 d\u2019agrandir la pension.<\/p>\n<\/div><\/div>\n\n\n\n<div style=\"height:15px\" aria-hidden=\"true\" class=\"wp-block-spacer\"><\/div>\n\n\n\n<h1 class=\"wp-block-heading alignwide\" style=\"font-size:40px\">LE CHANTIER DE L&rsquo;EXTENSION<\/h1>\n\n\n\n<div class=\"wp-block-media-text alignwide is-stacked-on-mobile\" style=\"grid-template-columns:36% auto\"><figure class=\"wp-block-media-text__media\"><img decoding=\"async\" width=\"1024\" height=\"768\" src=\"https:\/\/pensiondeloubieng.fr\/wp-content\/uploads\/2023\/04\/20210410_182633-1024x768.jpg\" alt=\"\" class=\"wp-image-686 size-full\" srcset=\"https:\/\/pensiondeloubieng.fr\/wp-content\/uploads\/2023\/04\/20210410_182633-1024x768.jpg 1024w, https:\/\/pensiondeloubieng.fr\/wp-content\/uploads\/2023\/04\/20210410_182633-300x225.jpg 300w, https:\/\/pensiondeloubieng.fr\/wp-content\/uploads\/2023\/04\/20210410_182633-768x576.jpg 768w, https:\/\/pensiondeloubieng.fr\/wp-content\/uploads\/2023\/04\/20210410_182633-1536x1152.jpg 1536w, https:\/\/pensiondeloubieng.fr\/wp-content\/uploads\/2023\/04\/20210410_182633-2048x1536.jpg 2048w\" sizes=\"(max-width: 1024px) 100vw, 1024px\" \/><\/figure><div class=\"wp-block-media-text__content\">\n<p>Suite \u00e0 une forte demande de propri\u00e9taires souhaitant int\u00e9grer notre structure, nous avons d\u00e9cid\u00e9 d\u2019agrandir la pension. En <mark style=\"background-color:#c7ffcb\" class=\"has-inline-color\">2020<\/mark>, les travaux de l\u2019extension commencent \u00e0 800m de la maison offrant 4 places suppl\u00e9mentaires et 5 hectares de prairie en plus.<br><br>Nous y avons construit un nouvel abri, une stabulation pour le fourrage et pr\u00e9par\u00e9 d\u2019autres parcelles de p\u00e2ture pour permettre les rotations. Cette structure se trouve alors, \u00e0 800m de la maison de laquelle nous avons une vue directe sur les chevaux et les prairies.<\/p>\n<\/div><\/div>\n\n\n\n<div class=\"wp-block-columns alignwide is-layout-flex wp-container-core-columns-is-layout-28f84493 wp-block-columns-is-layout-flex\">\n<div class=\"wp-block-column is-layout-flow wp-block-column-is-layout-flow\">\n<figure class=\"wp-block-image size-large\"><img decoding=\"async\" width=\"1024\" height=\"768\" src=\"https:\/\/pensiondeloubieng.fr\/wp-content\/uploads\/2023\/02\/20210417_174720-1024x768.jpg\" alt=\"\" class=\"wp-image-366\" srcset=\"https:\/\/pensiondeloubieng.fr\/wp-content\/uploads\/2023\/02\/20210417_174720-1024x768.jpg 1024w, https:\/\/pensiondeloubieng.fr\/wp-content\/uploads\/2023\/02\/20210417_174720-300x225.jpg 300w, https:\/\/pensiondeloubieng.fr\/wp-content\/uploads\/2023\/02\/20210417_174720-768x576.jpg 768w, https:\/\/pensiondeloubieng.fr\/wp-content\/uploads\/2023\/02\/20210417_174720-1536x1152.jpg 1536w, https:\/\/pensiondeloubieng.fr\/wp-content\/uploads\/2023\/02\/20210417_174720-2048x1536.jpg 2048w\" sizes=\"(max-width: 1024px) 100vw, 1024px\" \/><\/figure>\n\n\n\n<hr class=\"wp-block-separator has-alpha-channel-opacity\"\/>\n\n\n\n<figure class=\"wp-block-image size-large\"><img loading=\"lazy\" decoding=\"async\" width=\"1024\" height=\"768\" src=\"https:\/\/pensiondeloubieng.fr\/wp-content\/uploads\/2023\/02\/20210403_190726-1024x768.jpg\" alt=\"\" class=\"wp-image-361\" srcset=\"https:\/\/pensiondeloubieng.fr\/wp-content\/uploads\/2023\/02\/20210403_190726-1024x768.jpg 1024w, https:\/\/pensiondeloubieng.fr\/wp-content\/uploads\/2023\/02\/20210403_190726-300x225.jpg 300w, https:\/\/pensiondeloubieng.fr\/wp-content\/uploads\/2023\/02\/20210403_190726-768x576.jpg 768w, https:\/\/pensiondeloubieng.fr\/wp-content\/uploads\/2023\/02\/20210403_190726-1536x1152.jpg 1536w, https:\/\/pensiondeloubieng.fr\/wp-content\/uploads\/2023\/02\/20210403_190726-2048x1536.jpg 2048w\" sizes=\"(max-width: 1024px) 100vw, 1024px\" \/><\/figure>\n<\/div>\n\n\n\n<div class=\"wp-block-column is-vertically-aligned-stretch is-layout-flow wp-block-column-is-layout-flow\">\n<figure class=\"wp-block-image size-large\"><img loading=\"lazy\" decoding=\"async\" width=\"1024\" height=\"768\" src=\"https:\/\/pensiondeloubieng.fr\/wp-content\/uploads\/2022\/12\/20220202_114929-1024x768.jpg\" alt=\"\" class=\"wp-image-225\" srcset=\"https:\/\/pensiondeloubieng.fr\/wp-content\/uploads\/2022\/12\/20220202_114929-1024x768.jpg 1024w, https:\/\/pensiondeloubieng.fr\/wp-content\/uploads\/2022\/12\/20220202_114929-300x225.jpg 300w, https:\/\/pensiondeloubieng.fr\/wp-content\/uploads\/2022\/12\/20220202_114929-768x576.jpg 768w, https:\/\/pensiondeloubieng.fr\/wp-content\/uploads\/2022\/12\/20220202_114929-1536x1152.jpg 1536w\" sizes=\"(max-width: 1024px) 100vw, 1024px\" \/><figcaption class=\"wp-element-caption\">Vu du pr\u00e9<\/figcaption><\/figure>\n\n\n\n<figure class=\"wp-block-image\"><img loading=\"lazy\" decoding=\"async\" width=\"1024\" height=\"576\" src=\"https:\/\/pensiondeloubieng.fr\/wp-content\/uploads\/2022\/12\/20210529_160544-1024x576.jpg\" alt=\"\" class=\"wp-image-214\" srcset=\"https:\/\/pensiondeloubieng.fr\/wp-content\/uploads\/2022\/12\/20210529_160544-1024x576.jpg 1024w, https:\/\/pensiondeloubieng.fr\/wp-content\/uploads\/2022\/12\/20210529_160544-300x169.jpg 300w, https:\/\/pensiondeloubieng.fr\/wp-content\/uploads\/2022\/12\/20210529_160544-768x432.jpg 768w, https:\/\/pensiondeloubieng.fr\/wp-content\/uploads\/2022\/12\/20210529_160544-1536x864.jpg 1536w, https:\/\/pensiondeloubieng.fr\/wp-content\/uploads\/2022\/12\/20210529_160544-2048x1152.jpg 2048w\" sizes=\"(max-width: 1024px) 100vw, 1024px\" \/><figcaption class=\"wp-element-caption\">Vue du paddock<\/figcaption><\/figure>\n\n\n\n<figure class=\"wp-block-image size-large\"><img loading=\"lazy\" decoding=\"async\" width=\"1024\" height=\"768\" src=\"https:\/\/pensiondeloubieng.fr\/wp-content\/uploads\/2022\/12\/20210406_194034-1024x768.jpg\" alt=\"\" class=\"wp-image-213\" srcset=\"https:\/\/pensiondeloubieng.fr\/wp-content\/uploads\/2022\/12\/20210406_194034-1024x768.jpg 1024w, https:\/\/pensiondeloubieng.fr\/wp-content\/uploads\/2022\/12\/20210406_194034-300x225.jpg 300w, https:\/\/pensiondeloubieng.fr\/wp-content\/uploads\/2022\/12\/20210406_194034-768x576.jpg 768w, https:\/\/pensiondeloubieng.fr\/wp-content\/uploads\/2022\/12\/20210406_194034-1536x1152.jpg 1536w, https:\/\/pensiondeloubieng.fr\/wp-content\/uploads\/2022\/12\/20210406_194034-2048x1536.jpg 2048w\" sizes=\"(max-width: 1024px) 100vw, 1024px\" \/><figcaption class=\"wp-element-caption\">Abri dall\u00e9<\/figcaption><\/figure>\n<\/div>\n\n\n\n<div class=\"wp-block-column is-layout-flow wp-block-column-is-layout-flow\">\n<figure class=\"wp-block-image\"><img loading=\"lazy\" decoding=\"async\" width=\"2560\" height=\"1600\" src=\"https:\/\/pensiondeloubieng.fr\/wp-content\/uploads\/2023\/04\/20210403_190616-edited-scaled.jpg\" alt=\"\" class=\"wp-image-696\" srcset=\"https:\/\/pensiondeloubieng.fr\/wp-content\/uploads\/2023\/04\/20210403_190616-edited-scaled.jpg 2560w, https:\/\/pensiondeloubieng.fr\/wp-content\/uploads\/2023\/04\/20210403_190616-edited-300x188.jpg 300w, https:\/\/pensiondeloubieng.fr\/wp-content\/uploads\/2023\/04\/20210403_190616-edited-1024x640.jpg 1024w, https:\/\/pensiondeloubieng.fr\/wp-content\/uploads\/2023\/04\/20210403_190616-edited-768x480.jpg 768w, https:\/\/pensiondeloubieng.fr\/wp-content\/uploads\/2023\/04\/20210403_190616-edited-1536x960.jpg 1536w, https:\/\/pensiondeloubieng.fr\/wp-content\/uploads\/2023\/04\/20210403_190616-edited-2048x1280.jpg 2048w\" sizes=\"(max-width: 2560px) 100vw, 2560px\" \/><figcaption class=\"wp-element-caption\">Avant la pose des dalles<\/figcaption><\/figure>\n\n\n\n<figure class=\"wp-block-image\"><img loading=\"lazy\" decoding=\"async\" width=\"1024\" height=\"576\" src=\"https:\/\/pensiondeloubieng.fr\/wp-content\/uploads\/2022\/12\/20210508_163634-1024x576.jpg\" alt=\"\" class=\"wp-image-222\" srcset=\"https:\/\/pensiondeloubieng.fr\/wp-content\/uploads\/2022\/12\/20210508_163634-1024x576.jpg 1024w, https:\/\/pensiondeloubieng.fr\/wp-content\/uploads\/2022\/12\/20210508_163634-300x169.jpg 300w, https:\/\/pensiondeloubieng.fr\/wp-content\/uploads\/2022\/12\/20210508_163634-768x432.jpg 768w, https:\/\/pensiondeloubieng.fr\/wp-content\/uploads\/2022\/12\/20210508_163634-1536x864.jpg 1536w, https:\/\/pensiondeloubieng.fr\/wp-content\/uploads\/2022\/12\/20210508_163634-2048x1152.jpg 2048w\" sizes=\"(max-width: 1024px) 100vw, 1024px\" \/><figcaption class=\"wp-element-caption\">Stabu en travaux<\/figcaption><\/figure>\n\n\n\n<figure class=\"wp-block-image size-large\"><img loading=\"lazy\" decoding=\"async\" width=\"1024\" height=\"576\" src=\"https:\/\/pensiondeloubieng.fr\/wp-content\/uploads\/2023\/02\/20211024_150946-1024x576.jpg\" alt=\"\" class=\"wp-image-388\" srcset=\"https:\/\/pensiondeloubieng.fr\/wp-content\/uploads\/2023\/02\/20211024_150946-1024x576.jpg 1024w, https:\/\/pensiondeloubieng.fr\/wp-content\/uploads\/2023\/02\/20211024_150946-300x169.jpg 300w, https:\/\/pensiondeloubieng.fr\/wp-content\/uploads\/2023\/02\/20211024_150946-768x432.jpg 768w, https:\/\/pensiondeloubieng.fr\/wp-content\/uploads\/2023\/02\/20211024_150946-1536x864.jpg 1536w, https:\/\/pensiondeloubieng.fr\/wp-content\/uploads\/2023\/02\/20211024_150946-2048x1152.jpg 2048w\" sizes=\"(max-width: 1024px) 100vw, 1024px\" \/><figcaption class=\"wp-element-caption\">Stabu \u00e0 l\u2019usage<\/figcaption><\/figure>\n<\/div>\n<\/div>\n\n\n\n<div style=\"height:30px\" aria-hidden=\"true\" class=\"wp-block-spacer\"><\/div>\n\n\n\n<h2 class=\"wp-block-heading alignwide\" style=\"font-size:40px\"><strong>Pourquoi l&rsquo;extension de la pension est-elle devenue coop\u00e9rative en 2025 ?<\/strong><\/h2>\n\n\n\n<figure class=\"wp-block-gallery alignwide has-nested-images columns-default is-cropped wp-block-gallery-1 is-layout-flex wp-block-gallery-is-layout-flex\">\n<figure class=\"wp-block-image size-large\"><img loading=\"lazy\" decoding=\"async\" width=\"1024\" height=\"576\" data-id=\"771\" src=\"https:\/\/pensiondeloubieng.fr\/wp-content\/uploads\/2023\/04\/20221212_091644-1024x576.jpg\" alt=\"\" class=\"wp-image-771\" srcset=\"https:\/\/pensiondeloubieng.fr\/wp-content\/uploads\/2023\/04\/20221212_091644-1024x576.jpg 1024w, https:\/\/pensiondeloubieng.fr\/wp-content\/uploads\/2023\/04\/20221212_091644-300x169.jpg 300w, https:\/\/pensiondeloubieng.fr\/wp-content\/uploads\/2023\/04\/20221212_091644-768x432.jpg 768w, https:\/\/pensiondeloubieng.fr\/wp-content\/uploads\/2023\/04\/20221212_091644-1536x864.jpg 1536w, https:\/\/pensiondeloubieng.fr\/wp-content\/uploads\/2023\/04\/20221212_091644-2048x1152.jpg 2048w\" sizes=\"(max-width: 1024px) 100vw, 1024px\" \/><\/figure>\n\n\n\n<figure class=\"wp-block-image size-large\"><img loading=\"lazy\" decoding=\"async\" width=\"1024\" height=\"576\" data-id=\"735\" src=\"https:\/\/pensiondeloubieng.fr\/wp-content\/uploads\/2023\/04\/20230113_094938-1024x576.jpg\" alt=\"\" class=\"wp-image-735\" srcset=\"https:\/\/pensiondeloubieng.fr\/wp-content\/uploads\/2023\/04\/20230113_094938-1024x576.jpg 1024w, https:\/\/pensiondeloubieng.fr\/wp-content\/uploads\/2023\/04\/20230113_094938-300x169.jpg 300w, https:\/\/pensiondeloubieng.fr\/wp-content\/uploads\/2023\/04\/20230113_094938-768x432.jpg 768w, https:\/\/pensiondeloubieng.fr\/wp-content\/uploads\/2023\/04\/20230113_094938-1536x864.jpg 1536w, https:\/\/pensiondeloubieng.fr\/wp-content\/uploads\/2023\/04\/20230113_094938-2048x1152.jpg 2048w\" sizes=\"(max-width: 1024px) 100vw, 1024px\" \/><\/figure>\n\n\n\n<figure class=\"wp-block-image size-large\"><img loading=\"lazy\" decoding=\"async\" width=\"1024\" height=\"576\" data-id=\"798\" src=\"https:\/\/pensiondeloubieng.fr\/wp-content\/uploads\/2023\/04\/20230113_095011-1024x576.jpg\" alt=\"\" class=\"wp-image-798\" srcset=\"https:\/\/pensiondeloubieng.fr\/wp-content\/uploads\/2023\/04\/20230113_095011-1024x576.jpg 1024w, https:\/\/pensiondeloubieng.fr\/wp-content\/uploads\/2023\/04\/20230113_095011-300x169.jpg 300w, https:\/\/pensiondeloubieng.fr\/wp-content\/uploads\/2023\/04\/20230113_095011-768x432.jpg 768w, https:\/\/pensiondeloubieng.fr\/wp-content\/uploads\/2023\/04\/20230113_095011-1536x864.jpg 1536w, https:\/\/pensiondeloubieng.fr\/wp-content\/uploads\/2023\/04\/20230113_095011-2048x1152.jpg 2048w\" sizes=\"(max-width: 1024px) 100vw, 1024px\" \/><\/figure>\n\n\n\n<figure class=\"wp-block-image size-full\"><img loading=\"lazy\" decoding=\"async\" width=\"640\" height=\"360\" data-id=\"797\" src=\"https:\/\/pensiondeloubieng.fr\/wp-content\/uploads\/2023\/04\/vlcsnap-2023-02-13-17h53m49s981.jpg\" alt=\"\" class=\"wp-image-797\" srcset=\"https:\/\/pensiondeloubieng.fr\/wp-content\/uploads\/2023\/04\/vlcsnap-2023-02-13-17h53m49s981.jpg 640w, https:\/\/pensiondeloubieng.fr\/wp-content\/uploads\/2023\/04\/vlcsnap-2023-02-13-17h53m49s981-300x169.jpg 300w\" sizes=\"(max-width: 640px) 100vw, 640px\" \/><\/figure>\n\n\n\n<figure class=\"wp-block-image size-large\"><img loading=\"lazy\" decoding=\"async\" width=\"1024\" height=\"576\" data-id=\"736\" src=\"https:\/\/pensiondeloubieng.fr\/wp-content\/uploads\/2023\/04\/20230113_095038-1024x576.jpg\" alt=\"\" class=\"wp-image-736\" srcset=\"https:\/\/pensiondeloubieng.fr\/wp-content\/uploads\/2023\/04\/20230113_095038-1024x576.jpg 1024w, https:\/\/pensiondeloubieng.fr\/wp-content\/uploads\/2023\/04\/20230113_095038-300x169.jpg 300w, https:\/\/pensiondeloubieng.fr\/wp-content\/uploads\/2023\/04\/20230113_095038-768x432.jpg 768w, https:\/\/pensiondeloubieng.fr\/wp-content\/uploads\/2023\/04\/20230113_095038-1536x864.jpg 1536w, https:\/\/pensiondeloubieng.fr\/wp-content\/uploads\/2023\/04\/20230113_095038-2048x1152.jpg 2048w\" sizes=\"(max-width: 1024px) 100vw, 1024px\" \/><\/figure>\n\n\n\n<figure class=\"wp-block-image size-large\"><img loading=\"lazy\" decoding=\"async\" width=\"1024\" height=\"576\" data-id=\"800\" src=\"https:\/\/pensiondeloubieng.fr\/wp-content\/uploads\/2023\/04\/20230113_094924-1024x576.jpg\" alt=\"\" class=\"wp-image-800\" srcset=\"https:\/\/pensiondeloubieng.fr\/wp-content\/uploads\/2023\/04\/20230113_094924-1024x576.jpg 1024w, https:\/\/pensiondeloubieng.fr\/wp-content\/uploads\/2023\/04\/20230113_094924-300x169.jpg 300w, https:\/\/pensiondeloubieng.fr\/wp-content\/uploads\/2023\/04\/20230113_094924-768x432.jpg 768w, https:\/\/pensiondeloubieng.fr\/wp-content\/uploads\/2023\/04\/20230113_094924-1536x864.jpg 1536w, https:\/\/pensiondeloubieng.fr\/wp-content\/uploads\/2023\/04\/20230113_094924-2048x1152.jpg 2048w\" sizes=\"(max-width: 1024px) 100vw, 1024px\" \/><\/figure>\n\n\n\n<figure class=\"wp-block-image size-large\"><img loading=\"lazy\" decoding=\"async\" width=\"1024\" height=\"485\" data-id=\"803\" src=\"https:\/\/pensiondeloubieng.fr\/wp-content\/uploads\/2023\/04\/Screenshot_20230122-124404_Photos-1024x485.jpg\" alt=\"\" class=\"wp-image-803\" srcset=\"https:\/\/pensiondeloubieng.fr\/wp-content\/uploads\/2023\/04\/Screenshot_20230122-124404_Photos-1024x485.jpg 1024w, https:\/\/pensiondeloubieng.fr\/wp-content\/uploads\/2023\/04\/Screenshot_20230122-124404_Photos-300x142.jpg 300w, https:\/\/pensiondeloubieng.fr\/wp-content\/uploads\/2023\/04\/Screenshot_20230122-124404_Photos-768x364.jpg 768w, https:\/\/pensiondeloubieng.fr\/wp-content\/uploads\/2023\/04\/Screenshot_20230122-124404_Photos-1536x728.jpg 1536w, https:\/\/pensiondeloubieng.fr\/wp-content\/uploads\/2023\/04\/Screenshot_20230122-124404_Photos-2048x970.jpg 2048w\" sizes=\"(max-width: 1024px) 100vw, 1024px\" \/><\/figure>\n\n\n\n<figure class=\"wp-block-image size-large\"><img loading=\"lazy\" decoding=\"async\" width=\"1024\" height=\"768\" data-id=\"596\" src=\"https:\/\/pensiondeloubieng.fr\/wp-content\/uploads\/2023\/04\/20210410_182641-1024x768.jpg\" alt=\"\" class=\"wp-image-596\" srcset=\"https:\/\/pensiondeloubieng.fr\/wp-content\/uploads\/2023\/04\/20210410_182641-1024x768.jpg 1024w, https:\/\/pensiondeloubieng.fr\/wp-content\/uploads\/2023\/04\/20210410_182641-300x225.jpg 300w, https:\/\/pensiondeloubieng.fr\/wp-content\/uploads\/2023\/04\/20210410_182641-768x576.jpg 768w, https:\/\/pensiondeloubieng.fr\/wp-content\/uploads\/2023\/04\/20210410_182641-1536x1152.jpg 1536w, https:\/\/pensiondeloubieng.fr\/wp-content\/uploads\/2023\/04\/20210410_182641-2048x1536.jpg 2048w\" sizes=\"(max-width: 1024px) 100vw, 1024px\" \/><\/figure>\n\n\n\n<figure class=\"wp-block-image size-large\"><img loading=\"lazy\" decoding=\"async\" width=\"1024\" height=\"576\" data-id=\"796\" src=\"https:\/\/pensiondeloubieng.fr\/wp-content\/uploads\/2023\/04\/20230309_131425-1024x576.jpg\" alt=\"\" class=\"wp-image-796\" srcset=\"https:\/\/pensiondeloubieng.fr\/wp-content\/uploads\/2023\/04\/20230309_131425-1024x576.jpg 1024w, https:\/\/pensiondeloubieng.fr\/wp-content\/uploads\/2023\/04\/20230309_131425-300x169.jpg 300w, https:\/\/pensiondeloubieng.fr\/wp-content\/uploads\/2023\/04\/20230309_131425-768x432.jpg 768w, https:\/\/pensiondeloubieng.fr\/wp-content\/uploads\/2023\/04\/20230309_131425-1536x864.jpg 1536w, https:\/\/pensiondeloubieng.fr\/wp-content\/uploads\/2023\/04\/20230309_131425-2048x1152.jpg 2048w\" sizes=\"(max-width: 1024px) 100vw, 1024px\" \/><\/figure>\n\n\n\n<figure class=\"wp-block-image size-large\"><img loading=\"lazy\" decoding=\"async\" width=\"576\" height=\"1024\" data-id=\"416\" src=\"https:\/\/pensiondeloubieng.fr\/wp-content\/uploads\/2023\/02\/20221219_180615-576x1024.jpg\" alt=\"\" class=\"wp-image-416\" srcset=\"https:\/\/pensiondeloubieng.fr\/wp-content\/uploads\/2023\/02\/20221219_180615-576x1024.jpg 576w, https:\/\/pensiondeloubieng.fr\/wp-content\/uploads\/2023\/02\/20221219_180615-169x300.jpg 169w, https:\/\/pensiondeloubieng.fr\/wp-content\/uploads\/2023\/02\/20221219_180615-768x1365.jpg 768w, https:\/\/pensiondeloubieng.fr\/wp-content\/uploads\/2023\/02\/20221219_180615-864x1536.jpg 864w, https:\/\/pensiondeloubieng.fr\/wp-content\/uploads\/2023\/02\/20221219_180615-1152x2048.jpg 1152w, https:\/\/pensiondeloubieng.fr\/wp-content\/uploads\/2023\/02\/20221219_180615-scaled.jpg 1440w\" sizes=\"(max-width: 576px) 100vw, 576px\" \/><\/figure>\n\n\n\n<figure class=\"wp-block-image size-large\"><img loading=\"lazy\" decoding=\"async\" width=\"576\" height=\"1024\" data-id=\"414\" src=\"https:\/\/pensiondeloubieng.fr\/wp-content\/uploads\/2023\/02\/20221219_180327-576x1024.jpg\" alt=\"\" class=\"wp-image-414\" srcset=\"https:\/\/pensiondeloubieng.fr\/wp-content\/uploads\/2023\/02\/20221219_180327-576x1024.jpg 576w, https:\/\/pensiondeloubieng.fr\/wp-content\/uploads\/2023\/02\/20221219_180327-169x300.jpg 169w, https:\/\/pensiondeloubieng.fr\/wp-content\/uploads\/2023\/02\/20221219_180327-768x1365.jpg 768w, https:\/\/pensiondeloubieng.fr\/wp-content\/uploads\/2023\/02\/20221219_180327-864x1536.jpg 864w, https:\/\/pensiondeloubieng.fr\/wp-content\/uploads\/2023\/02\/20221219_180327-1152x2048.jpg 1152w, https:\/\/pensiondeloubieng.fr\/wp-content\/uploads\/2023\/02\/20221219_180327-scaled.jpg 1440w\" sizes=\"(max-width: 576px) 100vw, 576px\" \/><\/figure>\n\n\n\n<figure class=\"wp-block-image size-large\"><img loading=\"lazy\" decoding=\"async\" width=\"576\" height=\"1024\" data-id=\"408\" src=\"https:\/\/pensiondeloubieng.fr\/wp-content\/uploads\/2023\/02\/20221219_175455-576x1024.jpg\" alt=\"\" class=\"wp-image-408\" srcset=\"https:\/\/pensiondeloubieng.fr\/wp-content\/uploads\/2023\/02\/20221219_175455-576x1024.jpg 576w, https:\/\/pensiondeloubieng.fr\/wp-content\/uploads\/2023\/02\/20221219_175455-169x300.jpg 169w, https:\/\/pensiondeloubieng.fr\/wp-content\/uploads\/2023\/02\/20221219_175455-768x1365.jpg 768w, https:\/\/pensiondeloubieng.fr\/wp-content\/uploads\/2023\/02\/20221219_175455-864x1536.jpg 864w, https:\/\/pensiondeloubieng.fr\/wp-content\/uploads\/2023\/02\/20221219_175455-1152x2048.jpg 1152w, https:\/\/pensiondeloubieng.fr\/wp-content\/uploads\/2023\/02\/20221219_175455-scaled.jpg 1440w\" sizes=\"(max-width: 576px) 100vw, 576px\" \/><\/figure>\n<\/figure>\n\n\n\n<div class=\"wp-block-group alignwide is-layout-flow wp-block-group-is-layout-flow\">\n<ul class=\"wp-block-list\">\n<li>Nous avons d\u00e9m\u00e9nag\u00e9 en <mark style=\"background-color:#c7ffcb\" class=\"has-inline-color\">2025<\/mark> et vendu notre maison avec la premi\u00e8re pension. N&rsquo;\u00e9tant plus sur place, il nous est plus pratique de d\u00e9l\u00e9guer la surveillance afin de limiter les d\u00e9placements hebdomadaires.<br><\/li>\n\n\n\n<li>Pour r\u00e9pondre \u00e0 une demande : r\u00e9duire le prix de la pension tout en assurant la surveillance de son cheval.<br><\/li>\n\n\n\n<li>Permettre aux propri\u00e9taires de mieux se connaitre et favoriser les ballades en groupe. C&rsquo;est souvent plus motivant \u00e0 plusieurs.<br><\/li>\n\n\n\n<li>\u00c9changer sur les connaissances et les exp\u00e9riences personnelles.<\/li>\n<\/ul>\n<\/div>\n\n\n\n<div style=\"height:30px\" aria-hidden=\"true\" class=\"wp-block-spacer\"><\/div>\n\n\n\n<h2 class=\"wp-block-heading alignwide\" style=\"font-size:40px\">Notre situation<\/h2>\n\n\n\n<div class=\"wp-block-group alignwide is-layout-flow wp-block-group-is-layout-flow\">\n<p>La pension de Loubieng se situe \u00e0 15 min d\u2019Orthez, 15 min de Navarrenx, 25 min de salies de b\u00e9arn, et \u00e0 35 min de l\u2019entr\u00e9e d\u2019autoroute de Pau.<\/p>\n<\/div>\n\n\n\n<div class=\"wp-block-columns alignwide is-layout-flex wp-container-core-columns-is-layout-28f84493 wp-block-columns-is-layout-flex\">\n<div class=\"wp-block-column is-vertically-aligned-center is-layout-flow wp-block-column-is-layout-flow\" style=\"flex-basis:45%\">\n<figure class=\"wp-block-image aligncenter size-large is-resized\"><img loading=\"lazy\" decoding=\"async\" width=\"1024\" height=\"511\" src=\"https:\/\/pensiondeloubieng.fr\/wp-content\/uploads\/2023\/04\/Sans-titre-1-1024x511.jpg\" alt=\"\" class=\"wp-image-808\" style=\"width:538px;height:268px\" srcset=\"https:\/\/pensiondeloubieng.fr\/wp-content\/uploads\/2023\/04\/Sans-titre-1-1024x511.jpg 1024w, https:\/\/pensiondeloubieng.fr\/wp-content\/uploads\/2023\/04\/Sans-titre-1-300x150.jpg 300w, https:\/\/pensiondeloubieng.fr\/wp-content\/uploads\/2023\/04\/Sans-titre-1-768x383.jpg 768w, https:\/\/pensiondeloubieng.fr\/wp-content\/uploads\/2023\/04\/Sans-titre-1.jpg 1435w\" sizes=\"(max-width: 1024px) 100vw, 1024px\" \/><\/figure>\n<\/div>\n<\/div>\n","protected":false},"excerpt":{"rendered":"<p>LA PENSION DE LOUBIENG La pension de Loubieng \u00e9tait d&rsquo;abord une pension familiale qui a ouvert en mai 2011. Nous pouvions accueillir, \u00e0 ce moment l\u00e0, 3 chevaux au maximum sur le terrain de 2 hectares o\u00f9 nous habitions. Quel bonheur pour nous de voir se d\u00e9tendre votre cheval devant nos fen\u00eatres ! Mais la [&hellip;]<\/p>\n","protected":false},"author":1,"featured_media":0,"parent":0,"menu_order":0,"comment_status":"closed","ping_status":"closed","template":"elementor_theme","meta":{"om_disable_all_campaigns":false,"_monsterinsights_skip_tracking":false,"_monsterinsights_sitenote_active":false,"_monsterinsights_sitenote_note":"","_monsterinsights_sitenote_category":0,"footnotes":""},"class_list":["post-934","page","type-page","status-publish","hentry"],"aioseo_notices":[],"_links":{"self":[{"href":"https:\/\/pensiondeloubieng.fr\/index.php?rest_route=\/wp\/v2\/pages\/934","targetHints":{"allow":["GET"]}}],"collection":[{"href":"https:\/\/pensiondeloubieng.fr\/index.php?rest_route=\/wp\/v2\/pages"}],"about":[{"href":"https:\/\/pensiondeloubieng.fr\/index.php?rest_route=\/wp\/v2\/types\/page"}],"author":[{"embeddable":true,"href":"https:\/\/pensiondeloubieng.fr\/index.php?rest_route=\/wp\/v2\/users\/1"}],"replies":[{"embeddable":true,"href":"https:\/\/pensiondeloubieng.fr\/index.php?rest_route=%2Fwp%2Fv2%2Fcomments&post=934"}],"version-history":[{"count":40,"href":"https:\/\/pensiondeloubieng.fr\/index.php?rest_route=\/wp\/v2\/pages\/934\/revisions"}],"predecessor-version":[{"id":995,"href":"https:\/\/pensiondeloubieng.fr\/index.php?rest_route=\/wp\/v2\/pages\/934\/revisions\/995"}],"wp:attachment":[{"href":"https:\/\/pensiondeloubieng.fr\/index.php?rest_route=%2Fwp%2Fv2%2Fmedia&parent=934"}],"curies":[{"name":"wp","href":"https:\/\/api.w.org\/{rel}","templated":true}]}}